{"id":1764,"date":"2025-12-06T12:10:11","date_gmt":"2025-12-06T11:10:11","guid":{"rendered":"https:\/\/www.bimpson.fr\/?page_id=1764"},"modified":"2025-12-06T12:11:31","modified_gmt":"2025-12-06T11:11:31","slug":"formulaire-de-commande","status":"publish","type":"page","link":"https:\/\/www.bimpson.fr\/index.php\/formulaire-de-commande\/","title":{"rendered":"Formulaire de commande"},"content":{"rendered":"\n<p>Pour passer votre commande, veuillez saisir ce simple formulaire, je vous recontacterai d\u00e8s r\u00e9ception de vos informations.<\/p>\n\n\n\n<div class=\"wpcf7 no-js\" id=\"wpcf7-f1760-o1\" lang=\"fr-FR\" dir=\"ltr\" data-wpcf7-id=\"1760\">\n<div class=\"screen-reader-response\"><p role=\"status\" aria-live=\"polite\" aria-atomic=\"true\"><\/p> <ul><\/ul><\/div>\n<form action=\"\/index.php\/wp-json\/wp\/v2\/pages\/1764#wpcf7-f1760-o1\" method=\"post\" class=\"wpcf7-form init\" aria-label=\"Formulaire de contact\" novalidate=\"novalidate\" data-status=\"init\">\n<fieldset class=\"hidden-fields-container\"><input type=\"hidden\" name=\"_wpcf7\" value=\"1760\" \/><input type=\"hidden\" name=\"_wpcf7_version\" value=\"6.1.1\" \/><input type=\"hidden\" name=\"_wpcf7_locale\" value=\"fr_FR\" \/><input type=\"hidden\" name=\"_wpcf7_unit_tag\" value=\"wpcf7-f1760-o1\" \/><input type=\"hidden\" name=\"_wpcf7_container_post\" value=\"0\" \/><input type=\"hidden\" name=\"_wpcf7_posted_data_hash\" value=\"\" \/>\n<\/fieldset>\n<p><label> Votre nom<br \/>\n<span class=\"wpcf7-form-control-wrap\" data-name=\"your-name\"><input size=\"40\" maxlength=\"400\" class=\"wpcf7-form-control wpcf7-text wpcf7-validates-as-required\" autocomplete=\"name\" aria-required=\"true\" aria-invalid=\"false\" value=\"\" type=\"text\" name=\"your-name\" \/><\/span> <\/label>\n<\/p>\n<p><label> Votre e-mail<br \/>\n<span class=\"wpcf7-form-control-wrap\" data-name=\"your-email\"><input size=\"40\" maxlength=\"400\" class=\"wpcf7-form-control wpcf7-email wpcf7-validates-as-required wpcf7-text wpcf7-validates-as-email\" autocomplete=\"email\" aria-required=\"true\" aria-invalid=\"false\" value=\"\" type=\"email\" name=\"your-email\" \/><\/span> <\/label>\n<\/p>\n<p><label> Votre choix<br \/>\n<span class=\"wpcf7-form-control-wrap\" data-name=\"Photo\"><select class=\"wpcf7-form-control wpcf7-select\" aria-invalid=\"false\" name=\"Photo\"><option value=\"blanc - A2\">blanc - A2<\/option><option value=\"regard - A2\">regard - A2<\/option><option value=\"le myst\u00e8re vosgien - A3\">le myst\u00e8re vosgien - A3<\/option><option value=\"vue d\u2019autoroute - A3\">vue d\u2019autoroute - A3<\/option><option value=\"trop tard - A3\">trop tard - A3<\/option><option value=\"la french - A2\">la french - A2<\/option><option value=\"le vent A2\">le vent A2<\/option><option value=\"33 centim\u00e8tres - A3\">33 centim\u00e8tres - A3<\/option><option value=\"m\u00e9moire - A3\">m\u00e9moire - A3<\/option><option value=\"\u00e7a se cong\u00e8le? - A2\">\u00e7a se cong\u00e8le? - A2<\/option><option value=\"french life - A2\">french life - A2<\/option><option value=\"f\u00e9es en approche - A2\">f\u00e9es en approche - A2<\/option><option value=\"wisteria - A3\">wisteria - A3<\/option><option value=\"le sud - A3\">le sud - A3<\/option><\/select><\/span><\/label>\n<\/p>\n<p><label>Votre prix<br \/>\nIl y a un prix plancher : c\u2019est le co\u00fbt minimum pour que le tirage existe (papier, encres, temps de pr\u00e9paration, envoi.<br \/>\nChaque photo n\u2019existe que dans une taille, soit A2 (ou approchant), soit A3 (ou approchant), les prix planchers sont de 90\u20ac le tirage A2, 70\u20ac pour le tirage A3.<br \/>\nAu-del\u00e0, c\u2019est vous qui d\u00e9cidez. Vous pouvez mettre exactement ce prix, ou plus si vous souhaitez soutenir mon travail.<br \/>\n<span class=\"wpcf7-form-control-wrap\" data-name=\"prix\"><input class=\"wpcf7-form-control wpcf7-number wpcf7-validates-as-number\" min=\"70\" aria-invalid=\"false\" value=\"\" type=\"number\" name=\"prix\" \/><\/span><\/label>\n<\/p>\n<p><label> Votre message (facultatif)<br \/>\n<span class=\"wpcf7-form-control-wrap\" data-name=\"your-message\"><textarea cols=\"40\" rows=\"10\" maxlength=\"2000\" class=\"wpcf7-form-control wpcf7-textarea\" aria-invalid=\"false\" name=\"your-message\"><\/textarea><\/span> <\/label>\n<\/p>\n<p><span class=\"wpcf7-form-control-wrap\" data-name=\"rgpd-consent\"><span class=\"wpcf7-form-control wpcf7-acceptance\"><span class=\"wpcf7-list-item\"><input type=\"checkbox\" name=\"rgpd-consent\" value=\"1\" aria-invalid=\"false\" \/><\/span><\/span><\/span>* J\u2019accepte que mes donn\u00e9es soient utilis\u00e9es pour \u00eatre recontact\u00e9(e).\n<\/p>\n<p><input class=\"wpcf7-form-control wpcf7-submit has-spinner\" type=\"submit\" value=\"Envoyer\" \/>\n<\/p><div class=\"wpcf7-response-output\" aria-hidden=\"true\"><\/div>\n<\/form>\n<\/div>\n\n","protected":false},"excerpt":{"rendered":"<p>Pour passer votre commande, veuillez saisir ce simple formulaire, je vous recontacterai d\u00e8s r\u00e9ception de vos informations.<\/p>\n","protected":false},"author":1,"featured_media":0,"parent":0,"menu_order":0,"comment_status":"closed","ping_status":"closed","template":"","meta":{"footnotes":""},"class_list":["post-1764","page","type-page","status-publish","hentry"],"jetpack_sharing_enabled":true,"_links":{"self":[{"href":"https:\/\/www.bimpson.fr\/index.php\/wp-json\/wp\/v2\/pages\/1764","targetHints":{"allow":["GET"]}}],"collection":[{"href":"https:\/\/www.bimpson.fr\/index.php\/wp-json\/wp\/v2\/pages"}],"about":[{"href":"https:\/\/www.bimpson.fr\/index.php\/wp-json\/wp\/v2\/types\/page"}],"author":[{"embeddable":true,"href":"https:\/\/www.bimpson.fr\/index.php\/wp-json\/wp\/v2\/users\/1"}],"replies":[{"embeddable":true,"href":"https:\/\/www.bimpson.fr\/index.php\/wp-json\/wp\/v2\/comments?post=1764"}],"version-history":[{"count":3,"href":"https:\/\/www.bimpson.fr\/index.php\/wp-json\/wp\/v2\/pages\/1764\/revisions"}],"predecessor-version":[{"id":1767,"href":"https:\/\/www.bimpson.fr\/index.php\/wp-json\/wp\/v2\/pages\/1764\/revisions\/1767"}],"wp:attachment":[{"href":"https:\/\/www.bimpson.fr\/index.php\/wp-json\/wp\/v2\/media?parent=1764"}],"curies":[{"name":"wp","href":"https:\/\/api.w.org\/{rel}","templated":true}]}}